ivided by 35715?
8
Calculate the remainder when 27322038 is divided by 40.
38
What is the remainder when 1317825 is divided by 184?
17
What is the remainder when 1863629 is divided by 453?
440
What is the remainder when 3004741 is divided by 1001566?
43
What is the remainder when 6994589 is divided by 76862?
147
Calculate the remainder when 2609664 is divided by 7209.
6
Calculate the remainder when 174115 is divided by 690.
235
Calculate the remainder when 132507 is divided by 565.
297
Calculate the remainder when 140788 is divided by 46917.
37
Calculate the remainder when 347351236 is divided by 234.
232
Calculate the remainder when 91431 is divided by 8298.
153
What is the remainder when 15290286 is divided by 7645136?
14
What is the remainder when 631328 is divided by 11691?
14
What is the remainder when 16049 is divided by 2920?
1449
What is the remainder when 1725935 is divided by 2718?
5
Calculate the remainder when 671003733 is divided by 7592.
7589
What is the remainder when 4986056 is divided by 4986038?
18
Calculate the remainder when 2114948 is divided by 275.
198
What is the remainder when 43044158 is divided by 21522069?
20
What is the remainder when 15146637 is divided by 48?
45
What is the remainder when 9507289 is divided by 27718?
15
Calculate the remainder when 29317687 is divided by 3257518.
25
What is the remainder when 693740 is divided by 1566?
2
What is the remainder when 13374117 is divided by 208970?
37
Calculate the remainder when 739437 is divided by 92.
33
What is the remainder when 3383893 is divided by 575?
18
What is the remainder when 8587273 is divided by 4293617?
39
What is the remainder when 79487837 is divided by 74?
71
What is the remainder when 8970 is divided by 222?
90
Calculate the remainder when 48971498 is divided by 2215.
63
What is the remainder when 1020451 is divided by 1929?
10
Calculate the remainder when 83166669 is divided by 5027.
5008
What is the remainder when 291590 is divided by 291429?
161
Calculate the remainder when 463606455 is divided by 21.
18
What is the remainder when 44883999 is divided by 1960?
1959
Calculate the remainder when 660456 is divided by 34726.
662
What is the remainder when 587284 is divided by 8765?
29
Calculate the remainder when 594257 is divided by 1233.
1184
What is the remainder when 71155288 is divided by 82835?
23
What is the remainder when 605791431 is divided by 4163?
4160
What is the remainder when 6419 is divided by 5787?
632
Calculate the remainder when 63377760 is divided by 3140.
0
What is the remainder when 833272 is divided by 672?
664
What is the remainder when 1743908 is divided by 107?
22
Calculate the remainder when 175167 is divided by 1390.
27
What is the remainder when 66558 is divided by 3197?
2618
What is the remainder when 14687281 is divided by 17?
12
Calculate the remainder when 4652267 is divided by 574.
571
What is the remainder when 10827047 is divided by 135338?
7
Calculate the remainder when 2954104 is divided by 738491.
140
What is the remainder when 37917 is divided by 7575?
42
Calculate the remainder when 332795 is divided by 565.
10
What is the remainder when 157909 is divided by 157851?
58
What is the remainder when 2638877 is divided by 53854?
31
What is the remainder when 25785 is divided by 5150?
35
Calculate the remainder when 3530765 is divided by 84.
77
Calculate the remainder when 68003 is divided by 2483.
962
What is the remainder when 1983024 is divided by 8332?
8
What is the remainder when 143704 is divided by 135717?
7987
Calculate the remainder when 810312 is divided by 7.
6
What is the remainder when 33271151 is divided by 5702?
5683
Calculate the remainder when 1001260 is divided by 3989.
21
What is the remainder when 855835 is divided by 17?
4
What is the remainder when 55897271 is divided by 2430315?
26
What is the remainder when 82415 is divided by 222?
53
Calculate the remainder when 213173 is divided by 798.
107
What is the remainder when 3353 is divided by 1442?
469
Calculate the remainder when 8362799 is divided by 2787572.
83
Calculate the remainder when 4678556 is divided by 141767.
245
What is the remainder when 14578803 is divided by 467?
464
Calculate the remainder when 9428302 is divided by 4535.
37
What is the remainder when 5401995 is divided by 317762?
41
What is the remainder when 36484 is divided by 42?
28
What is the remainder when 673048 is divided by 175?
173
What is the remainder when 16938297 is divided by 8469139?
19
What is the remainder when 42925 is divided by 3299?
38
Calculate the remainder when 394802 is divided by 65669.
788
Calculate the remainder when 62284 is divided by 20224.
1612
What is the remainder when 54504468 is divided by 20843?
23
What is the remainder when 736130 is divided by 3570?
710
Calculate the remainder when 74249 is divided by 355.
54
What is the remainder when 213060 is divided by 42604?
40
Calculate the remainder when 203910 is divided by 7589.
6596
What is the remainder when 1529864 is divided by 764839?
186
What is the remainder when 27976904 is divided by 9404?
4
What is the remainder when 534647 is divided by 178149?
200
What is the remainder when 30178888 is divided by 689?
688
Calculate the remainder when 64492723 is divided by 275.
273
Calculate the remainder when 7524118 is divided by 2508015.
73
Calculate the remainder when 630024798 is divided by 5725.
5723
What is the remainder when 2648493 is divided by 34380?
1233
Calculate the remainder when 978144 is divided by 48903.
84
What is the remainder when 61929824 is divided by 4836?
8
What is the remainder when 204926 is divided by 2383?
2371
Calculate the remainder when 5435255 is divided by 14341.
16
What is the remainder when 3041069272 is divided by 18?
16
What is the remainder when 2391087 is divided by 1225?
1112
What is the remainder when 10469 is divided by 2614?
13
What is the remainder when 1638747 is divided by 114?
111
What is the remainder when 7599743 is divided by 683?
2
Calculate the remainder when 981485 is divided by 141.
125
What is the remainder when 1228488 is divided by 8967?
9
Calculate the remainder when 92425 is divided by 467.
426
Calculate the remainder when 65100 is divided by 4048.
332
What is the remainder when 28580173 is divided by 1844?
17
What is the remainder when 12074 is divided by 10989?
1085
Calculate the remainder when 436817 is divided by 18973.
438
What is the remainder when 13171 is divided by 2584?
251
Calculate the remainder when 111311 is divided by 18547.
29
Calculate the remainder when 155469 is divided by 5983.
5894
Calculate the remainder when 2431087 is divided by 15194.
47
Calculate the remainder when 198000 is divided by 7414.
5236
What is the remainder when 2064025 is divided by 86?
25
What is the remainder when 311255 is divided by 297?
296
Calculate the remainder when 30417190 is divided by 38748.
10
What is the remainder when 6608122 is divided by 359?
9
Calculate the remainder when 92511 is divided by 5611.
2735
Calculate the remainder when 18530 is divided by 2872.
1298
What is the remainder when 40003 is divided by 2534?
1993
What is the remainder when 331951 is divided by 164925?
2101
What is the remainder when 36077326 is divided by 143?
142
What is the remainder when 63986526 is divided by 12797303?
11
What is the remainder when 42471 is divided by 5531?
3754
What is the remainder when 52275949 is divided by 2803?
2802
Calculate the remainder when 111456 is divided by 55725.
6
Calculate the remainder when 574402 is divided by 143596.
18
What is the remainder when 164718 is divided by 554?
180
What is the remainder when 24942 is divided by 24677?
265
Calculate the remainder when 47436052 is divided by 81.
22
Calculate the remainder when 17693872 is divided by 12887.
21
Calculate the remainder when 16087346 is divided by 2767.
8
Calculate the remainder when 12654098 is divided by 6327041.
16
Calculate the remainder when 123353 is divided by 3401.
917
Calculate the remainder when 29218 is divided by 914.
884
Calculate the remainder when 10570562 is divided by 9152.
2
What is the remainder when 119021 is divided by 74?
29
Calculate the remainder when 8779630 is divided by 4389803.
24
What is the remainder when 9181 is divided by 1744?
461
C